 base 4?
-3
10 (base 5) to base 13
5
Convert -3 (base 7) to base 5.
-3
What is 3 (base 8) in base 11?
3
What is 43 (base 5) in base 10?
23
-1 (base 8) to base 9
-1
Convert -43 (base 15) to base 4.
-333
-10 (base 6) to base 15
-6
What is -8 (base 11) in base 8?
-10
What is 4 (base 8) in base 14?
4
11 (base 10) to base 8
13
-1122 (base 3) to base 15
-2e
What is -2 (base 4) in base 11?
-2
Convert 33 (base 11) to base 3.
1100
-33 (base 8) to base 16
-1b
What is 1 (base 10) in base 14?
1
-36 (base 7) to base 5
-102
Convert 110 (base 3) to base 7.
15
17 (base 12) to base 3
201
What is -1 (base 8) in base 13?
-1
18 (base 16) to base 6
40
Convert -75 (base 13) to base 11.
-88
1010101 (base 2) to base 5
320
Convert 4 (base 7) to base 4.
10
Convert -10 (base 8) to base 7.
-11
What is 310 (base 4) in base 16?
34
What is 1111010 (base 2) in base 7?
233
30 (base 6) to base 11
17
3 (base 9) to base 4
3
What is -b (base 14) in base 7?
-14
What is 2100 (base 3) in base 7?
120
Convert 2 (base 7) to base 6.
2
-18 (base 16) to base 14
-1a
What is 1 (base 3) in base 6?
1
What is 453 (base 8) in base 11?
252
What is -2 (base 14) in base 6?
-2
What is -4 (base 14) in base 8?
-4
What is -32 (base 4) in base 16?
-e
Convert 422 (base 6) to base 2.
10011110
Convert 3 (base 9) to base 7.
3
Convert 86 (base 11) to base 14.
6a
-1 (base 2) to base 7
-1
a (base 14) to base 12
a
What is -184 (base 14) in base 9?
-376
-13 (base 16) to base 6
-31
Convert -3 (base 7) to base 12.
-3
-111 (base 2) to base 15
-7
What is 76 (base 13) in base 2?
1100001
What is -353 (base 7) in base 10?
-185
Convert a4 (base 13) to base 7.
251
What is -322 (base 7) in base 6?
-431
6 (base 14) to base 16
6
Convert -1001 (base 2) to base 10.
-9
What is 20 (base 3) in base 14?
6
What is 0 (base 8) in base 16?
0
What is 5 (base 7) in base 8?
5
-110 (base 2) to base 15
-6
What is -243 (base 5) in base 15?
-4d
What is 3 (base 12) in base 16?
3
300 (base 4) to base 2
110000
Convert 9 (base 15) to base 7.
12
-10001 (base 2) to base 16
-11
What is -35 (base 6) in base 10?
-23
What is 2 (base 10) in base 12?
2
What is -1 (base 8) in base 5?
-1
What is 2 (base 12) in base 6?
2
Convert 5 (base 14) to base 3.
12
122 (base 3) to base 15
12
What is -54 (base 15) in base 14?
-59
3212 (base 4) to base 16
e6
Convert -12 (base 14) to base 9.
-17
-11 (base 6) to base 3
-21
Convert -10 (base 3) to base 11.
-3
What is 26 (base 14) in base 15?
24
19 (base 14) to base 11
21
Convert 11 (base 5) to base 13.
6
What is -10010111 (base 2) in base 12?
-107
-1110 (base 2) to base 16
-e
7 (base 14) to base 5
12
What is -106 (base 8) in base 10?
-70
Convert 22 (base 11) to base 12.
20
What is -6 (base 8) in base 4?
-12
-20 (base 3) to base 6
-10
Convert 104 (base 7) to base 14.
3b
What is -25 (base 12) in base 11?
-27
-11 (base 9) to base 16
-a
-3 (base 16) to base 7
-3
85 (base 13) to base 2
1101101
99 (base 15) to base 12
100
-7 (base 16) to base 9
-7
2 (base 9) to base 4
2
What is 10100 (base 2) in base 6?
32
Convert -61 (base 13) to base 11.
-72
6 (base 9) to base 10
6
Convert 13c (base 14) to base 2.
11111010
13 (base 6) to base 9
10
What is 15 (base 7) in base 6?
20
What is -1 (base 13) in base 3?
-1
-28 (base 10) to base 11
-26
What is -1 (base 4) in base 2?
-1
What is -9 (base 15) in base 8?
-11
What is -22 (base 4) in base 3?
-101
What is -414 (base 6) in base 13?
-bb
Convert 3 (base 8) to base 7.
3
What is 35 (base 8) in base 5?
104
Convert 3 (base 16) to base 3.
10
Convert -5 (base 11) to base 9.
-5
What is -122 (base 4) in base 10?
-26
-d (base 16) to base 14
-d
Convert 415 (base 9) to base 11.
288
What is -44 (base 7) in base 6?
-52
Convert 5 (base 14) to base 11.
5
What is 1b (base 12) in base 3?
212
What is 12010 (base 3) in base 6?
350
-3 (base 4) to base 9
-3
What is 19 (base 16) in base 9?
27
What is -1b (base 14) in base 15?
-1a
What is -12111 (base 3) in base 13?
-b5
Convert 34 (base 10) to base 2.
100010
Convert -a (base 14) to base 9.
-11
Convert -1 (base 15) to base 12.
-1
What is -164 (base 8) in base 16?
-74
Convert 11 (base 2) to base 14.
3
Convert -111000 (base 2) to base 13.
-44
What is 21 (base 6) in base 16?
d
What is -1 (base 12) in base 7?
-1
3 (base 7) to base 2
11
-18 (base 9) to base 5
-32
Convert 2 (base 13) to base 4.
2
What is 102 (base 11) in base 14?
8b
Convert 330 (base 6) to base 2.
1111110
-19 (base 11) to base 7
-26
-3c (base 15) to base 7
-111
Convert 0 (base 16) to base 5.
0
What is d (base 15) in base 3?
111
Convert 15 (base 8) to base 16.
d
What is -b (base 12) in base 8?
-13
Convert 0 (base 7) to base 3.
0
Convert 6 (base 10) to base 14.
6
What is 66 (base 7) in base 4?
300
Convert 35 (base 6) to base 3.
212
What is 161 (base 8) in base 16?
71
Convert -2 (base 13) to base 11.
-2
What is -15 (base 8) in base 14?
-d
-a0 (base 14) to base 13
-aa
-9 (base 15) to base 3
-100
Convert -5 (base 16) to base 12.
-5
What is -15 (base 8) in base 16?
-d
0 (base 16) to base 10
0
Convert d1 (base 16) to base 5.
1314
What is 3 (base 9) in base 8?
3
What is 2 (base 13) in base 5?
2
Convert -2 (base 3) to base 16.
-2
What is 1010 (base 3) in base 7?
42
What is 3 (base 14) in base 7?
3
231 (base 7) to base 3
11110
-2b (base 16) to base 11
-3a
26 (base 12) to base 8
36
What is 101 (base 2) in base 10?
5
What is 10 (base 3) in base 16?
3
What is 12 (base 3) in base 10?
5
-10 (base 3) to base 13
-3
-11001 (base 2) to base 12
-21
What is 2d (base 15) in base 13?
34
What is 1 (base 10) in base 11?
1
What is 2 (base 5) in base 10?
2
Convert 7 (base 10) to base 2.
111
What is 0 (base 14) in base 15?
0
-10 (base 4) to base 15
-4
What is 2 (base 7) in base 9?
2
What is 130 (base 10) in base 7?
244
-6 (base 13) to base 11
-6
Convert 219 (base 11) to base 6.
1114
What is 72 (base 8) in base 3?
2011
110 (base 2) to base 4
12
Convert 4 (base 5) to base 11.
4
Convert -1 (base 14) to base 15.
-1
What is 4 (base 9) in base 5?
4
What is -331 (base 4) in base 11?
-56
9 (base 13) to base 3
100
-42 (base 15) to base 6
-142
Convert -32 (base 9) to base 10.
-29
What is -11 (base 3) in base 6?
-4
-6f (base 16) to base 11
-a1
Convert -9 (base 10) to base 6.
-13
3032 (base 4) to base 5
1311
-2 (base 4) to base 7
-2
21 (base 6) to base 2
1101
Convert 111 (base 3) to base 2.
1101
What is -5 (base 16) in base 6?
-5
What is -24 (base 10) in base 14?
-1a
Convert -6 (base 9) to base 14.
-6
-2b0 (base 12) to base 9
-516
What is 17 (base 10) in base 13?
14
Convert 0 (base 14) to base 4.
0
-10 (base 7) to base 16
-7
-2 (base 3) to base 13
-2
What is 33 (base 5) in base 3?
200
What is 7 (base 9) in base 3?
21
What is -42 (base 14) in base 10?
-58
What is 19 (base 15) in base 12?
20
What is -1c (base 13) in base 10?
-25
Convert -7 (base 14) to base 2.
-111
Convert 0 (base 13) to base 4.
0
Convert -2c (base 13) to base 16.
-26
11 (base 12) to base 2
1101
Convert 2 (base 6) to base 5.
2
What is -1001101 (base 2) in base 15?
-52
What is 33 (base 8) in base 12?
23
-10 (base 2) to base 9
-2
What is -3 (base 10) in base 3?
-10
Convert -8 (base 15) to base 8.
-10
Convert -129 (base 10) to base 2.
-10000001
Convert 1 (base 5) to base 3.
1
What is -33 (base 5) in base 16?
-12
-10 (base 5) to base 9
-5
0 (base 11) to base 2
0
Convert -21 (base 4) to base 11.
-9
Convert 10 (base 8) to base 14.
8
What is 1512 (base 6) in base 13?
251
What is 10122 (base 3) in base 15?
68
3 (base 14) to base 11
3
8a (base 13) to base 9
136
-11 (base 6) to base 11
-7
-11 (base 4) to base 11
-5
What is -23 (base 4) in base 6?
-15
Convert -102 (base 3) to base 2.
-1011
Convert 3 (base 11) to base 2.
11
Convert 3 (base 14) to base 10.
3
Convert 3 (base 5) to base 11.
3
Convert -5 (base 11) to base 5.
-10
Convert 3 (base 5) to base 9.
3
66 (base 14) to base 3
10100
Convert -23 (base 11) to base 4.
-121
Convert 2 (base 4) to base 9.
2
-50 (base 8) to base 13
-31
Convert 10 (base 8) to base 12.
8
What is -21 (base 4) in base 12?
-9
Convert -111 (base 9) to base 16.
-5b
Convert 0 (base 11) to base 16.
0
What is -206 (base 12) in base 5?
-2134
0 (base 7) to base 14
0
Convert 23 (base 8) to base 10.
19
What is -13b (base 13) in base 3?
-22010
Convert 13 (base 4) to base 8.
7
Convert 86 (base 16) to base 7.
251
2 (base 12) to base 11
2
355 (base 10) to base 12
257
Convert 